Let d be ((-20)/8)/(-5)*0. Let o(b) = -45*b + 1253. What is the units digit of o(d)?
3
Let r be (-1 + 4/8)*-8. Suppose 2*g = 6, r*q - 9*q - 2*g = -931. What is the hundreds digit of q?
1
Let k = 30539 + -5204. What is the thousands digit of k?
5
Suppose h + 15 = 5*b, 2*b = 5*h - 2*b + 12. Let f(c) = -4*c**3 - c**2 - 3*c + 734. What is the tens digit of f(h)?
3
Let f(u) = -33*u**3 + 2*u**2 + 2*u + 3. Let h be f(-2). Let m(l) = -l**2 + 27*l + 48. Let b be m(21). Let o = h - b. What is the units digit of o?
7
Let x(d) = 3*d**2 - 8*d - 8. Let c be x(-6). Let f = -1117 - -1033. Let g = f + c. What is the units digit of g?
4
Suppose 7*x = -3*f + 5*x + 3621, -3621 = -3*f + x. Suppose -n + f = 2*a, -a = -2*n - 860 + 259. What is the tens digit of a?
0
Let r = 636 + -628. Suppose 17*t - 32500 = -r*t. What is the thousands digit of t?
1
Suppose 4 = -7*u + 4. Let h(d) = d**3 + d**2 + 4*d + 756. Let q be h(u). Suppose 1 = -5*k + q. What is the tens digit of k?
5
Suppose 6*g - 22 = -4. Let l be 11 + 0/(1 + g). Suppose -i + 68 = 5*o - l, -2*o - 422 = -5*i. What is the tens digit of i?
8
Let r be (16/6)/((-2)/3). What is the tens digit of 0 - (-3 - r) - -82?
8
Let o = 6781 + 4958. Suppose -o = 2*t - 23*t. What is the tens digit of t?
5
Let r(u) = -6*u - 71. Let c be r(-12). What is the tens digit of 75/3*c*(3 - 2)?
2
Let n = -547 + 22475. What is the hundreds digit of n?
9
Let f(o) = -1. Let l(n) = n**2 - 5*n - 31. Let v = 44 - 47. Let a(c) = v*f(c) + l(c). What is the tens digit of a(14)?
9
Let v(q) = -q**2 - 19*q - 28. Let s be v(-16). Let h = s - 27. What is the tens digit of (h - 0)*(1 + -10)?
6
Let v(p) = 114*p - 7. Let n be v(-2). Let i be 2/8 + (n/(-20) - 2). What is the units digit of (3 + (-14)/(-6))*(44 + i)?
8
Let n(x) = -x**3 - 15*x**2 - 15*x - 12. Let d be (1 - -1)*1 + -16. Let o be n(d). Suppose -o*j - 22 = -4*j. What is the tens digit of j?
1
Suppose -3*x + 330 = 5*n, 4*x + 4*n - 5*n = 417. Let m(h) = -92*h - x*h + 188*h + 39. What is the units digit of m(-19)?
0
Suppose -91*u + 140*u - 102842 = 12210. What is the tens digit of u?
4
What is the thousands digit of 11/((-495)/(-47691))*5?
5
Suppose -1158 = -2*h + 106. Suppose 18*b = 20*b - 10. Suppose h = b*w + m, w - m - 134 = -5*m. What is the units digit of w?
6
Suppose -3779 = 5*q - s, 1516 = -2*q - s - 3*s. Let x = -207 - q. What is the units digit of x?
9
Suppose 5*s = 20, -5*l + 31 = s + 3*s. Suppose -r - l*r + 3*f = -3608, 2*r - 2*f - 1804 = 0. What is the hundreds digit of r?
9
Suppose 0*j - 5*j = -3*c - 73, 33 = -3*c - 3*j. Let n(t) = 606 + 2*t - 3*t - 590. What is the tens digit of n(c)?
3
Suppose 8486 = -4*w + 29638. Suppose 3*q - w = -5*i, -4*i + 1094 = q - 3142. What is the hundreds digit of i/(-25)*(12/(-8) + -1)?
1
Suppose 0 = 285*w + 263*w - 586*w + 705242. What is the thousands digit of w?
8
Suppose 25*d - 23*d - 9*g - 6159 = 0, -15417 = -5*d + 3*g. What is the tens digit of d?
8
Let v(d) = -d**2 - 5*d - 3. Let w be v(-3). Suppose w*f + 102 = 4*s + 1147, -2*s + 692 = 2*f. What is the units digit of f?
7
Suppose 4*b = k + 2*b - 2559, -3*k - b = -7705. Suppose 2*h + 5*r = k, 6475 = 5*h - 24*r + 25*r. What is the hundreds digit of h?
2
Let c(x) = 362*x**2 - 196*x**2 - 186*x**2 + 6 + 25 - x**3 + 0*x**3 - 18*x. What is the units digit of c(-21)?
0
Let r = 1 - -13. Suppose -n + 3*f = -f + r, 5*f = n + 19. Suppose n*v - 1264 = 8. What is the hundreds digit of v?
2
Suppose 2*f + 3902 = 3*p + 16887, -19455 = -3*f - 3*p. What is the tens digit of f?
8
Let a(f) = 7 - 16 + 3*f + 4*f - 5 + 8*f**2. What is the units digit of a(-5)?
1
Let o(s) = 117*s**2 - 258*s**2 + 3*s**3 + 124*s**2 - 2 + 1 + s. What is the units digit of o(7)?
2
What is the thousands digit of (8/10)/((-21492)/21495 - -1)?
5
Let s(j) = 86*j**2 - 33*j + 40. Let r(q) = 173*q**2 - 65*q + 84. Let i(d) = 4*r(d) - 7*s(d). What is the units digit of i(2)?
8
Suppose 10*g = 23893 + 127967. What is the ten thousands digit of g?
1
Suppose -102*l - 557287 = -15*l - 2401948. What is the tens digit of l?
0
Let q be (-30)/(-135) - 3931/(-9). Suppose -375 = -4*i + q. Suppose 5*j - 210 = -5*t, 0 = 4*j - 6*t + 3*t - i. What is the units digit of j?
7
Suppose -5*a + 9*n = 8*n - 38, -20 = -5*a - 5*n. Suppose 3*m - 3*i = 975, 0 = 11*m - a*m + 3*i - 1286. What is the tens digit of m?
2
Let z = -1 - 197. Let d = z - -518. What is the tens digit of d?
2
Suppose 3*x + 0*x = 210. Let z = x - -71. What is the tens digit of z?
4
Suppose 14*n = 11*n + 15. Let x be (12/(-30))/((-1)/n). Suppose -x*i + 9*i - 1015 = 0. What is the units digit of i?
5
Let n(j) = -11*j**2 + 17*j + 73. Let o(m) = -21*m**2 + 30*m + 146. Let q(v) = 5*n(v) - 3*o(v). What is the tens digit of q(7)?
8
Let d = -25 - -35. Let g be (-45)/18*(-12)/2. What is the units digit of ((-168)/g)/(-2) - 6/d?
5
Let v be 2*(-4 + 2) + 8. Suppose b + 749 = 4*f, -4*f = v*b + 155 - 899. What is the units digit of f?
7
Let w(o) = -4*o - 14. Let t be w(-4). Let q be -19 + 18 + 2/(t/(-11)). What is the tens digit of (-1 - 330/(-8)) + 3/q?
4
Suppose 360 = 18*j - 216. Suppose 0 = -4*z + 4*a - 64, -2*z - 2*a = a + j. What is the tens digit of (238/(-8))/(4/z)?
1
Suppose 35 - 23 = -6*g, 0 = -2*w - 2*g + 9328. What is the thousands digit of w?
4
Suppose 0 = -m - 4, -r + 0*m + 11 = -2*m. Suppose 2*p - 238 = -4*s, 3*s + p = -r*p + 191. What is the units digit of s?
7
Suppose -140 = -8*r + r. Suppose -r*h = 413 - 7653. What is the hundreds digit of h?
3
Let p = 5933 + -3859. What is the hundreds digit of p?
0
Let p = 14076 + 2340. What is the tens digit of p?
1
Suppose 4*s = 5*p - 105, 0*s + s - p = -25. Let z be 2/(-10) + (-1524)/s. Let k = 21 + z. What is the units digit of k?
7
Suppose 71430 = 189*j - 1335955 - 645344. What is the tens digit of j?
6
Suppose -299 = -4*m + 881. Suppose 0 = 2*w + 3*w + m. Let i = w + 93. What is the units digit of i?
4
Let l(b) = b**3 + b**2 + b - 120. Let o be (-39)/(-52) - ((-9)/4)/(-3). Let m be l(o). Let r = m + 186. What is the tens digit of r?
6
Suppose -2*l = -5*w - 145623, -3*l + 4*w = -153246 - 65185. What is the units digit of l?
9
Suppose -x = 4*h + 1, 0 = 4*h - 6 + 10. Suppose 0 = x*b - 74 - 1216. What is the hundreds digit of b?
4
Suppose -4*m + 2*k = 6039 - 18483, m + 3*k - 3111 = 0. What is the tens digit of (-84)/(-63) - m/(-9)?
4
Let j = 7847 + -4696. What is the units digit of j?
1
Let l(h) = h**2 + 7*h - 47. Let v be l(12). Let r = v - 139. What is the tens digit of r?
4
Let r(m) = 6*m + 28. Let k be r(-8). Let i = k - -28. Let j = i - -82. What is the units digit of j?
0
Let l(q) = -3*q**3 - q**2 - q - 1. Let m be -2*-3*(-5)/30. Let p be l(m). Suppose -5*o + 443 = -p. What is the tens digit of o?
8
Let c(g) = 7 - 9 + 9 + 8 + 11*g. What is the units digit of c(15)?
0
Let l(t) = 10*t**2 - 281*t + 134. Let y be l(28). Let j be ((-1)/2)/(1/68). Let n = y - j. What is the hundreds digit of n?
1
Suppose 5*t = -c + 3*t + 1220, 0 = 2*t. Suppose -c = 20*m - 24*m. What is the units digit of m?
5
Suppose -2*w + 38458 = 2*p, -5*w = 16*p - 12*p - 96148. What is the tens digit of w?
3
Let u be (49/(-3))/(7/(-1449)). Let o be (u/14)/(2*3/156). Suppose 17*l + 2250 = o. What is the units digit of l?
7
Suppose -2*b - f + 10500 + 11674 = 0, 3*f = 5*b - 55424. What is the thousands digit of b?
1
Let q be (6 + 45)*3*10/9. Suppose -5*d = -5*x + 800, -3*x + q + 306 = d. What is the units digit of x?
9
Suppose -11*c + 1100086 = 102*c + 102070. What is the thousands digit of c?
8
Let x(z) = 7205*z + 343. What is the tens digit of x(1)?
4
Suppose 0 = -5*o + 5*a + 40, 0 = 5*o + 4*a - 6 + 2. Suppose -2*u - 4*h + 314 = 0, 3*h = o*u + 6*h - 618. What is the units digit of u?
3
Let i be 26/8*(12 - 10)*-26. Let p = i + 527. What is the units digit of p?
8
Let n = 43259 + -20996. What is the thousands digit of n?
2
Let n(w) = -699*w + 2623. What is the units digit of n(-66)?
7
Suppose 6448 = 5*c + 8*c. Let m = c - 414. What is the units digit of m?
2
Suppose -33*z = 19*z - z - 794223. What is the hundreds digit of z?
5
Suppose 0 = 4*o, 0*z = 5*z - o + 150. Let q = -30 - z. Suppose 3*i + 3*i - 240 = q. What is the units digit of i?
0
What is the tens digit of 427850/14 - (-15)/315*-15?
6
Let h(k) = -7*k**3 + 3*k**2 + 1. Let y = -21 + 17. Let v be h(y). Let o = v - 350. What is the hund